{"id":24,"date":"2009-03-30T12:06:13","date_gmt":"2009-03-30T10:06:13","guid":{"rendered":"http:\/\/www.derkapi.de\/?page_id=24"},"modified":"2010-03-21T17:16:30","modified_gmt":"2010-03-21T15:16:30","slug":"teil4","status":"publish","type":"page","link":"https:\/\/www.derkapi.de\/?page_id=24","title":{"rendered":"Chaos &#8211; Teil4"},"content":{"rendered":"<p>Der Schmuddeleffekt aus Teil 3:    <br \/><a href=\"http:\/\/derkapi.de\/pics\/Teil4_C4D8\/c25.jpg\"><img loading=\"lazy\" decoding=\"async\" style=\"border-right-width: 0px; border-top-width: 0px; border-bottom-width: 0px; border-left-width: 0px\" border=\"0\" alt=\"c25\" src=\"http:\/\/derkapi.de\/pics\/Teil4_C4D8\/c25_thumb.jpg\" width=\"404\" height=\"268\" \/><\/a><\/p>\n<p>Jetzt wird das Ganze wieder aufgehellt. Bei Metallfl\u00e4chen bietet sich die <i>trocken b\u00fcrsten<\/i>-Technik an. Hierbei wird nur auf die erhabenen Stellen neue Farbe aufgetragen, w\u00e4hrend die tiefen Stellen weiterhin dunkel bleiben.     <\/p>\n<p>F\u00fcr die blauen und goldenen Fl\u00e4chen benutze ich jeweils stark verd\u00fcnnte Farbe. Einzelne Stellen wurden getupft um diese <i>fleckig<\/i> darzustellen.     <\/p>\n<p>Alles zusammen sehr Zeitaufwendig!     <br \/><a href=\"http:\/\/derkapi.de\/pics\/Teil4_C4D8\/c26.jpg\"><img loading=\"lazy\" decoding=\"async\" style=\"border-right-width: 0px; border-top-width: 0px; border-bottom-width: 0px; border-left-width: 0px\" border=\"0\" alt=\"c26\" src=\"http:\/\/derkapi.de\/pics\/Teil4_C4D8\/c26_thumb.jpg\" width=\"404\" height=\"243\" \/><\/a><\/p>\n<p>In der Zwischenzeit hatte ich dem Baummarkt und einem Eisenbahnladen einen kleinen Besuch abgestattet um Kleber und die n\u00f6tigen Teile f\u00fcr die Base zu besorgen. Ich benutzte Holzspachtelmasse, kleine und gro\u00dfe Steine, Gussrahmenschnipsel und WH40K-Gel\u00e4ndeteile.    <\/p>\n<p>Die erste Schicht Steine wurden mit Haushaltkleber fixiert, bei weiteren Lagen kam verd\u00fcnnter Tapetenkleister zum Einsatz. Um den hinteren Fu\u00df beim Anpassen nicht dreckig zu machen, wickelte ich ihn in Frischhaltefolie so konnte ich den zertretenen Bombentrichter entsprechend formen. Die Base hatte anschlie\u00dfend 24 Stunden Zeit zum durchh\u00e4rten.     <\/p>\n<p>Ich entschied mich daf\u00fcr die Waffenarme, den Kopf und den Torso zu <i>Stiften<\/i>. Hierzu bohrte ich L\u00f6cher in die entsprechenden Teile und klebte abgekniffene N\u00e4gel hinein. Als dieser Kleber trocken war, beschmierte ich die Spitzen der N\u00e4gel mit Farbe und passte die jeweiligen Teile an. Dort wo sich die Farbe abzeichnete, setze ich das entsprechende Loch.     <\/p>\n<p><a href=\"http:\/\/derkapi.de\/pics\/Teil4_C4D8\/c27.jpg\"><img loading=\"lazy\" decoding=\"async\" style=\"border-right-width: 0px; border-top-width: 0px; border-bottom-width: 0px; border-left-width: 0px\" border=\"0\" alt=\"c27\" src=\"http:\/\/derkapi.de\/pics\/Teil4_C4D8\/c27_thumb.jpg\" width=\"404\" height=\"537\" \/><\/a><\/p>\n<p>Geben Abend (irgendwann muss man ja auch mal arbeiten) klebte ich die Waffenarme. Der Mega Bolter hielt dank des Stifts schon sehr gut. Ben\u00f6tigte nur etwas Hilfe bei der Position. Wie man vielleicht sieht, ist der Torso noch recht unsch\u00f6n, da er den Ink-Arbeitsgang \u00fcber sich ergehen lassen musste (liegt aber auch teilweise am Blitz, so unsch\u00f6n ist es gar nicht gewesen). Die Feinarbeiten kommen, nach dem alle Teile geklebt sind, ansonsten macht man sich doppelte Arbeit. Da das Oberteil noch abnehmbar ist, kommt man&#160; ja auch \u00fcberall ran. Was allerdings fertig ist, sind die <i>Fleischteile<\/i> an den Waffenarmen, das geht im freien einfach leichter, als wenn das Teil bereits angeklebt ist.     <br \/><a href=\"http:\/\/derkapi.de\/pics\/Teil4_C4D8\/c28.jpg\"><img loading=\"lazy\" decoding=\"async\" style=\"border-right-width: 0px; border-top-width: 0px; border-bottom-width: 0px; border-left-width: 0px\" border=\"0\" alt=\"c28\" src=\"http:\/\/derkapi.de\/pics\/Teil4_C4D8\/c28_thumb.jpg\" width=\"404\" height=\"283\" \/><\/a><\/p>\n<p>Das Plasmagesch\u00fctz war etwa zickiger und wollte etwas mehr Unterst\u00fctzung. Ich teilte daf\u00fcr zwei meiner Hilfsarbeiter ein und legte mich anschlie\u00dfend zu Ruhe.    <br \/>Leider sind die Nahaufnahmen mit Blitz nicht so der Hammer.     <br \/>F\u00fcr die Statistik: Bei den Waffenarmen ging eine komplette 3g F\u00fcllung Gel-Kleber und der Rest von der 10g Tube drauf. (Im Baummarkt gab es leider nur die 3g-Version).     <br \/><a href=\"http:\/\/derkapi.de\/pics\/Teil4_C4D8\/c29.jpg\"><img loading=\"lazy\" decoding=\"async\" style=\"border-right-width: 0px; border-top-width: 0px; border-bottom-width: 0px; border-left-width: 0px\" border=\"0\" alt=\"c29\" src=\"http:\/\/derkapi.de\/pics\/Teil4_C4D8\/c29_thumb.jpg\" width=\"404\" height=\"381\" \/><\/a><\/p>\n<\/p>\n<hr \/>\n<p>So sieht es bei dem heutigen <i>Tageslicht<\/i> (diesiges Wetter drau\u00dfen, ich musste das Bild aufhellen) aus. Das Oberteil und die Luken f\u00fcr die Servitoren (oder das was von ihnen \u00fcbrig ist) sind ebenfalls geklebt. Und die Aufh\u00e4ngungen f\u00fcr die Waffenarme bis oben gef\u00fcllt mit Fl\u00fcssigkleber.   <br \/><a href=\"http:\/\/derkapi.de\/pics\/Teil4_C4D8\/c30.jpg\"><img loading=\"lazy\" decoding=\"async\" style=\"border-right-width: 0px; border-top-width: 0px; border-bottom-width: 0px; border-left-width: 0px\" border=\"0\" alt=\"c30\" src=\"http:\/\/derkapi.de\/pics\/Teil4_C4D8\/c30_thumb.jpg\" width=\"404\" height=\"304\" \/><\/a>  <\/p>\n<p><b>ENDE DES 4. TEILS<\/b><\/p>\n<p>&#160;<\/p>\n<p><strong><\/strong><\/p>\n<h2>Weitere Teile:<\/h2>\n<ul>\n<li><a href=\"https:\/\/www.derkapi.de\/?page_id=62\">Vorwort<\/a> <\/li>\n<li><a href=\"https:\/\/www.derkapi.de\/?page_id=21\">Teil1<\/a> <\/li>\n<li><a href=\"https:\/\/www.derkapi.de\/?page_id=22\">Teil2<\/a> <\/li>\n<li><a href=\"https:\/\/www.derkapi.de\/?page_id=23\">Teil3<\/a> <\/li>\n<li><strong>Teil4<\/strong> <\/li>\n<li><a href=\"https:\/\/www.derkapi.de\/?page_id=26\">Teil5<\/a> <\/li>\n<li><a href=\"https:\/\/www.derkapi.de\/?page_id=27\">Teil6<\/a> <\/li>\n<\/ul>\n","protected":false},"excerpt":{"rendered":"<p>Der Schmuddeleffekt aus Teil 3: Jetzt wird das Ganze wieder aufgehellt. Bei Metallfl\u00e4chen bietet sich die trocken b\u00fcrsten-Technik an. Hierbei wird nur auf die erhabenen Stellen neue Farbe aufgetragen, w\u00e4hrend die tiefen Stellen weiterhin dunkel bleiben. F\u00fcr die blauen und goldenen Fl\u00e4chen benutze ich jeweils stark verd\u00fcnnte Farbe. Einzelne Stellen \u2026 <a class=\"continue-reading-link\" href=\"https:\/\/www.derkapi.de\/?page_id=24\">Mehr nach dem Klick <span class=\"meta-nav\">&rarr; <\/span><\/a><\/p>\n","protected":false},"author":2,"featured_media":0,"parent":62,"menu_order":4,"comment_status":"open","ping_status":"closed","template":"","meta":{"footnotes":""},"class_list":["post-24","page","type-page","status-publish","hentry"],"_links":{"self":[{"href":"https:\/\/www.derkapi.de\/index.php?rest_route=\/wp\/v2\/pages\/24","targetHints":{"allow":["GET"]}}],"collection":[{"href":"https:\/\/www.derkapi.de\/index.php?rest_route=\/wp\/v2\/pages"}],"about":[{"href":"https:\/\/www.derkapi.de\/index.php?rest_route=\/wp\/v2\/types\/page"}],"author":[{"embeddable":true,"href":"https:\/\/www.derkapi.de\/index.php?rest_route=\/wp\/v2\/users\/2"}],"replies":[{"embeddable":true,"href":"https:\/\/www.derkapi.de\/index.php?rest_route=%2Fwp%2Fv2%2Fcomments&post=24"}],"version-history":[{"count":5,"href":"https:\/\/www.derkapi.de\/index.php?rest_route=\/wp\/v2\/pages\/24\/revisions"}],"predecessor-version":[{"id":255,"href":"https:\/\/www.derkapi.de\/index.php?rest_route=\/wp\/v2\/pages\/24\/revisions\/255"}],"up":[{"embeddable":true,"href":"https:\/\/www.derkapi.de\/index.php?rest_route=\/wp\/v2\/pages\/62"}],"wp:attachment":[{"href":"https:\/\/www.derkapi.de\/index.php?rest_route=%2Fwp%2Fv2%2Fmedia&parent=24"}],"curies":[{"name":"wp","href":"https:\/\/api.w.org\/{rel}","templated":true}]}}