{"id":271,"date":"2010-03-31T13:34:43","date_gmt":"2010-03-31T11:34:43","guid":{"rendered":"http:\/\/www.derkapi.de\/?page_id=271"},"modified":"2010-04-25T14:49:24","modified_gmt":"2010-04-25T12:49:24","slug":"ia-reaver-teil2","status":"publish","type":"page","link":"https:\/\/www.derkapi.de\/?page_id=271","title":{"rendered":"IA-Reaver-Teil 2"},"content":{"rendered":"<p><strong>27-28.03.10:      <br \/><\/strong>    <br \/>Im Gro\u00dfen und Ganzen wird zurzeit an allen Fronten bemalt und geklebt. Es gibt zwar ein paar Bilder, aber eigentlich wenig zu berichten. Wenn man die Anleitung befolgt, gibt es keine \u00dcberraschungen.     <\/p>\n<p><a href=\"http:\/\/derkapi.de\/pics\/IAReaverTeil2_CACF\/tag4e.jpg\"><img loading=\"lazy\" decoding=\"async\" style=\"border-right-width: 0px; display: inline; border-top-width: 0px; border-bottom-width: 0px; border-left-width: 0px\" title=\"tag4e\" border=\"0\" alt=\"tag4e\" src=\"http:\/\/derkapi.de\/pics\/IAReaverTeil2_CACF\/tag4e_thumb.jpg\" width=\"554\" height=\"504\" \/><\/a>     <\/p>\n<p>Der Rumpf\/Torso ist bis auf die obere Abdeckung zusammengeklebt. Im Gegensatz zum Warhound passte hier alles ohne gro\u00dfe Probleme. Einzig bei der Abdeckung musste ich im hinteren Teil unten etwas s\u00e4gen, damit es passt. Die Schultern wurden wieder gestiftet, da sie mit den Waffen doch einiges an Gewicht tragen werden.     <\/p>\n<p><a href=\"http:\/\/derkapi.de\/pics\/IAReaverTeil2_CACF\/tag4a.jpg\"><img loading=\"lazy\" decoding=\"async\" style=\"border-right-width: 0px; display: inline; border-top-width: 0px; border-bottom-width: 0px; border-left-width: 0px\" title=\"tag4a\" border=\"0\" alt=\"tag4a\" src=\"http:\/\/derkapi.de\/pics\/IAReaverTeil2_CACF\/tag4a_thumb.jpg\" width=\"554\" height=\"256\" \/><\/a>&#160; <\/p>\n<p>Auch die Kniesch\u00fctzer nehmen langsam Gestalt an.     <\/p>\n<p><a href=\"http:\/\/derkapi.de\/pics\/IAReaverTeil2_CACF\/tag4b.jpg\"><img loading=\"lazy\" decoding=\"async\" style=\"border-right-width: 0px; display: inline; border-top-width: 0px; border-bottom-width: 0px; border-left-width: 0px\" title=\"tag4b\" border=\"0\" alt=\"tag4b\" src=\"http:\/\/derkapi.de\/pics\/IAReaverTeil2_CACF\/tag4b_thumb.jpg\" width=\"554\" height=\"341\" \/><\/a>&#160; <\/p>\n<p>Beim linken Knieschutz soll wieder das Schwert-Motiv, welches schon beim Warhound Verwendung fand, in etwas abgewandelter Form, zu Anwendung kommen.     <\/p>\n<p><a href=\"http:\/\/derkapi.de\/pics\/IAReaverTeil2_CACF\/tag4c.jpg\"><img loading=\"lazy\" decoding=\"async\" style=\"border-right-width: 0px; display: inline; border-top-width: 0px; border-bottom-width: 0px; border-left-width: 0px\" title=\"tag4c\" border=\"0\" alt=\"tag4c\" src=\"http:\/\/derkapi.de\/pics\/IAReaverTeil2_CACF\/tag4c_thumb.jpg\" width=\"554\" height=\"162\" \/><\/a>&#160; <\/p>\n<p>Die Waffen wurden erst einmal wieder v\u00f6llig schmuddelig gemacht.<\/p>\n<p><a href=\"http:\/\/derkapi.de\/pics\/IAReaverTeil2_CACF\/tag4d.jpg\"><img loading=\"lazy\" decoding=\"async\" style=\"border-right-width: 0px; display: inline; border-top-width: 0px; border-bottom-width: 0px; border-left-width: 0px\" title=\"tag4d\" border=\"0\" alt=\"tag4d\" src=\"http:\/\/derkapi.de\/pics\/IAReaverTeil2_CACF\/tag4d_thumb.jpg\" width=\"554\" height=\"295\" \/><\/a>&#160; <\/p>\n<p>Um Sie im Anschluss wieder aufzuhellen (hier noch unfertig). F\u00fcr alles was Silber ist, verwendete ich eine Mischung aus Boldgun Silver und Schwarz. F\u00fcr die Bronze verwendete ich Tin Bitz, dann Dwarf Bronze, Black Ink und wieder Bronze.<\/p>\n<p>&#160;<\/p>\n<p><strong>03.04.10:<\/strong>     <br \/><a href=\"http:\/\/derkapi.de\/pics\/IAReaverTeil2_CACF\/tag6a.jpg\"><img loading=\"lazy\" decoding=\"async\" style=\"border-right-width: 0px; display: inline; border-top-width: 0px; border-bottom-width: 0px; border-left-width: 0px\" title=\"tag6a\" border=\"0\" alt=\"tag6a\" src=\"http:\/\/derkapi.de\/pics\/IAReaverTeil2_CACF\/tag6a_thumb.jpg\" width=\"554\" height=\"601\" \/><\/a>     <\/p>\n<p>W\u00e4hrend die Bilder Knieschoner (<em>Knee Plate<\/em>) fest geplant waren, ist das Bild des <em>Front Pelvis Armour<\/em> kurz entschlossen, nach dem Motto: \u201cHier muss auch noch was hin\u201d, entstanden. Daf\u00fcr, dass es ohne Vorzeichnung entstand, ist es ein<em> klein wenig<\/em> Anatomisch unkorrekt, aber dennoch ganz ok.     <\/p>\n<p><a href=\"http:\/\/derkapi.de\/pics\/IAReaverTeil2_CACF\/tag6b.jpg\"><img loading=\"lazy\" decoding=\"async\" style=\"border-right-width: 0px; display: inline; border-top-width: 0px; border-bottom-width: 0px; border-left-width: 0px\" title=\"tag6b\" border=\"0\" alt=\"tag6b\" src=\"http:\/\/derkapi.de\/pics\/IAReaverTeil2_CACF\/tag6b_thumb.jpg\" width=\"554\" height=\"633\" \/><\/a>     <\/p>\n<p>Tja, was schreibt man auf Banderolen? Da ich mich ja schon beim Baneblade f\u00fcr nordische G\u00f6tter entschieden hatte, suchte ich mir das naheliegendese aus. <em>Byleist<\/em> (oder<em> Bileister, Byleipt<\/em>) ist ein Riese, des Name sich in <em>Donnerblitz<\/em> \u00fcbersetzen l\u00e4sst. <em>Magni<\/em> und <em>Modi<\/em> (ebenfalls G\u00f6tter) stehen f\u00fcr <em>Zorn und St\u00e4rke<\/em>.     <\/p>\n<p><a href=\"http:\/\/derkapi.de\/pics\/IAReaverTeil2_CACF\/tag6c.jpg\"><img loading=\"lazy\" decoding=\"async\" style=\"border-right-width: 0px; display: inline; border-top-width: 0px; border-bottom-width: 0px; border-left-width: 0px\" title=\"tag6c\" border=\"0\" alt=\"tag6c\" src=\"http:\/\/derkapi.de\/pics\/IAReaverTeil2_CACF\/tag6c_thumb.jpg\" width=\"554\" height=\"688\" \/><\/a> <\/p>\n<p>Das schon oben genannte <em>Schwertsymbol<\/em>. Nichmetallfarben zu malen ist <strong>ECHT schwer<\/strong>!     <br \/>Wie man sieht ist es mir <u>nicht<\/u> gelungen, dennoch wurde es ganz brauchbar.     <br \/>Ich h\u00e4tte es nat\u00fcrlich gern besser gehabt, aber irgendwo sind wie man sieht auch meine Malgrenzen erreicht. Also muss ich wann immer es m\u00f6glich ist, das Malen mit Nichmetallfarben \u00fcben.     <\/p>\n<p><a href=\"http:\/\/derkapi.de\/pics\/IAReaverTeil2_CACF\/tag6d.jpg\"><img loading=\"lazy\" decoding=\"async\" style=\"border-right-width: 0px; display: inline; border-top-width: 0px; border-bottom-width: 0px; border-left-width: 0px\" title=\"tag6d\" border=\"0\" alt=\"tag6d\" src=\"http:\/\/derkapi.de\/pics\/IAReaverTeil2_CACF\/tag6d_thumb.jpg\" width=\"554\" height=\"533\" \/><\/a>     <\/p>\n<p>Und so sieht es zusammen aus. Ach ja, da Volker <em>gen\u00f6lt<\/em> hat, warum ich denn von meinem Standard alle Nieten zu bemalen abgewichen bin, bekamen alle Nieten \u2018nen Silbertupfer. <\/p>\n<p>&#160;<\/p>\n<p><strong>04.0410:      <br \/><\/strong>    <br \/><a href=\"http:\/\/derkapi.de\/pics\/IAReaverTeil2_CACF\/tag7b.jpg\"><img loading=\"lazy\" decoding=\"async\" style=\"border-right-width: 0px; display: inline; border-top-width: 0px; border-bottom-width: 0px; border-left-width: 0px\" title=\"tag7b\" border=\"0\" alt=\"tag7b\" src=\"http:\/\/derkapi.de\/pics\/IAReaverTeil2_CACF\/tag7b_thumb.jpg\" width=\"554\" height=\"446\" \/><\/a><\/p>\n<p>Die Waffen sind nun gestiftet, zusammengeklebt und m\u00fcffeln vor sich hin (siehe \u00fcbern\u00e4chster Absatz). Beim Gatlingblaster wurde<em> Ammo Case<\/em> und <em>Barrel Mount<\/em> mit einem Nagel gestiftet und anschlie\u00dfend geklebt. Bei beiden Waffen wurde jeweils der <em>Arm Mount<\/em> und Waffe gestiftet.     <\/p>\n<p>Als Kleber kam, wie immer, PatXXXX Ultra Gel zum Einsatz um die Teile anzukleben. Nach dem Trockenen ReveXX Plastik-Kleber fl\u00fcssig, der wunderbar in die freien Fl\u00e4chen und Hohlr\u00e4ume l\u00e4uft. Bis jetzt sind 6 * 3g Gel und 0,5 Fl\u00fcssigkleber verbraucht!     <\/p>\n<p>Und wie immer die Warnung: Bei offenem Fenster arbeiten und am besten in einem Raum, den man anschlie\u00dfend zumachen kann. Die Ausd\u00fcnstungen sind heftig! Wenn man also anf\u00e4ngt wei\u00dfe Hasen zu sehen, die einem zuwinken, wird es Zeit f\u00fcr&#160; \u2018ne Pause \ud83d\ude09     <br \/>&#160; <\/p>\n<p><a href=\"http:\/\/derkapi.de\/pics\/IAReaverTeil2_CACF\/tag7a.jpg\"><img loading=\"lazy\" decoding=\"async\" style=\"border-right-width: 0px; display: inline; border-top-width: 0px; border-bottom-width: 0px; border-left-width: 0px\" title=\"tag7a\" border=\"0\" alt=\"tag7a\" src=\"http:\/\/derkapi.de\/pics\/IAReaverTeil2_CACF\/tag7a_thumb.jpg\" width=\"554\" height=\"416\" \/><\/a>&#160; <\/p>\n<p>Im Bild: <em>Lower Torso<\/em> und <em>Waist + Torso Pistons.<\/em>     <br \/>&#160; <\/p>\n<p><a href=\"http:\/\/derkapi.de\/pics\/IAReaverTeil2_CACF\/tag7c.jpg\"><img loading=\"lazy\" decoding=\"async\" style=\"border-right-width: 0px; display: inline; border-top-width: 0px; border-bottom-width: 0px; border-left-width: 0px\" title=\"tag7c\" border=\"0\" alt=\"tag7c\" src=\"http:\/\/derkapi.de\/pics\/IAReaverTeil2_CACF\/tag7c_thumb.jpg\" width=\"554\" height=\"763\" \/><\/a> <\/p>\n<p>Klar, dann musste einfach mal alles zusammen gesteckt und angeschaut werden \ud83d\ude42    <\/p>\n<p>&#160; <br \/><a href=\"http:\/\/derkapi.de\/pics\/IAReaverTeil2_CACF\/tag7d.jpg\"><img loading=\"lazy\" decoding=\"async\" style=\"border-right-width: 0px; display: inline; border-top-width: 0px; border-bottom-width: 0px; border-left-width: 0px\" title=\"tag7d\" border=\"0\" alt=\"tag7d\" src=\"http:\/\/derkapi.de\/pics\/IAReaverTeil2_CACF\/tag7d_thumb.jpg\" width=\"554\" height=\"364\" \/><\/a>     <\/p>\n<p>Und hier der \u00fcbliche Gr\u00f6\u00dfenvergleich. Man bedenke, dass oben drauf noch der Apocalypse Missile Launcher kommt. Dann die Waffen links und rechts und man nimmt ihm die 6 Strukturpunkte an.     <br \/>Im Spiel ist das Teil 22 Meter hoch, 18 Meter breit und wiegt 738 Tonnen.     <\/p>\n<h4>Ende Teil1<\/h4>\n<p>&#160;<\/p>\n<h2>Weitere Teile:<\/h2>\n<ul>\n<li><a href=\"https:\/\/www.derkapi.de\/?page_id=261\">Vorwort<\/a> <\/li>\n<li><a href=\"https:\/\/www.derkapi.de\/?page_id=262\">Teil1<\/a> <\/li>\n<li><strong>Teil2 <\/strong><\/li>\n<li><a href=\"https:\/\/www.derkapi.de\/?page_id=288\">Teil3<\/a> <\/li>\n<li><a href=\"https:\/\/www.derkapi.de\/?page_id=293\">Teil4<\/a> <\/li>\n<\/ul>\n","protected":false},"excerpt":{"rendered":"<p>27-28.03.10: Im Gro\u00dfen und Ganzen wird zurzeit an allen Fronten bemalt und geklebt. Es gibt zwar ein paar Bilder, aber eigentlich wenig zu berichten. Wenn man die Anleitung befolgt, gibt es keine \u00dcberraschungen. Der Rumpf\/Torso ist bis auf die obere Abdeckung zusammengeklebt. Im Gegensatz zum Warhound passte hier alles ohne \u2026 <a class=\"continue-reading-link\" href=\"https:\/\/www.derkapi.de\/?page_id=271\">Mehr nach dem Klick <span class=\"meta-nav\">&rarr; <\/span><\/a><\/p>\n","protected":false},"author":2,"featured_media":0,"parent":261,"menu_order":2,"comment_status":"open","ping_status":"closed","template":"","meta":{"footnotes":""},"class_list":["post-271","page","type-page","status-publish","hentry"],"_links":{"self":[{"href":"https:\/\/www.derkapi.de\/index.php?rest_route=\/wp\/v2\/pages\/271","targetHints":{"allow":["GET"]}}],"collection":[{"href":"https:\/\/www.derkapi.de\/index.php?rest_route=\/wp\/v2\/pages"}],"about":[{"href":"https:\/\/www.derkapi.de\/index.php?rest_route=\/wp\/v2\/types\/page"}],"author":[{"embeddable":true,"href":"https:\/\/www.derkapi.de\/index.php?rest_route=\/wp\/v2\/users\/2"}],"replies":[{"embeddable":true,"href":"https:\/\/www.derkapi.de\/index.php?rest_route=%2Fwp%2Fv2%2Fcomments&post=271"}],"version-history":[{"count":8,"href":"https:\/\/www.derkapi.de\/index.php?rest_route=\/wp\/v2\/pages\/271\/revisions"}],"predecessor-version":[{"id":296,"href":"https:\/\/www.derkapi.de\/index.php?rest_route=\/wp\/v2\/pages\/271\/revisions\/296"}],"up":[{"embeddable":true,"href":"https:\/\/www.derkapi.de\/index.php?rest_route=\/wp\/v2\/pages\/261"}],"wp:attachment":[{"href":"https:\/\/www.derkapi.de\/index.php?rest_route=%2Fwp%2Fv2%2Fmedia&parent=271"}],"curies":[{"name":"wp","href":"https:\/\/api.w.org\/{rel}","templated":true}]}}