{"id":317,"date":"2010-08-14T13:57:39","date_gmt":"2010-08-14T11:57:39","guid":{"rendered":"http:\/\/www.derkapi.de\/?page_id=317"},"modified":"2010-11-10T12:42:44","modified_gmt":"2010-11-10T10:42:44","slug":"chaos-reaver-teil-1","status":"publish","type":"page","link":"https:\/\/www.derkapi.de\/?page_id=317","title":{"rendered":"Chaos Reaver Teil 1"},"content":{"rendered":"<p><strong>14.08.2010<br \/>\n<\/strong><a href=\"http:\/\/derkapi.de\/pics\/ChaosReaverTeil1_C278\/ca1.jpg\"><img loading=\"lazy\" decoding=\"async\" style=\"display: inline; border: 0pt none;\" title=\"ca1\" src=\"http:\/\/derkapi.de\/pics\/ChaosReaverTeil1_C278\/ca1_thumb.jpg\" border=\"0\" alt=\"ca1\" width=\"554\" height=\"568\" \/><\/a><\/p>\n<p>Ok, ich hab den ersten Part mit dem Ablichten der Teile mal \u00fcbersprungen.<br \/>\nHier sieht man das Resultat der ersten (lass mich l\u00fcgen) \u2013 5(?) Stunden, es ging jedenfalls recht schnell \u2013 ist ja auch erst die Grobbemalung.<\/p>\n<table border=\"1\" cellspacing=\"0\" cellpadding=\"2\" width=\"550\" bgcolor=\"#eeeeee\">\n<tbody>\n<tr>\n<td width=\"550\" valign=\"top\">\n<p align=\"justify\">Dieses Mal hatte ich ein kleines Problem, welches ich leider mit <em>etwa<\/em> Gewalt l\u00f6sen musste.<\/p>\n<p>Wie man am sch\u00f6n am rechten Bein sieht, haben die linke und die rechte Schiene unterschiedliche lange Aussparungen f\u00fcr die <em>Inner<\/em> und <em>Outer Leg Piston Guards<\/em>. Diese sind auch unterschiedlich gebaut und sitzen damit h\u00f6her oder eben tiefer.<\/p>\n<p>Den Markierungen im innern der Teile vertrauend, brachte ich diese innen und au\u00dfen an und stellte dann aber fest, dass die Schienen innen nicht passten.<\/p>\n<p>Leider war der Kleber zu diesem Zeitpunkt so fest, dass nur noch eine rausschneiden der Teile m\u00f6glich war. \ud83d\ude41 <strong>Also: <span style=\"text-decoration: underline;\">Vorher<\/span> pr\u00fcfen ob es passt!<br \/>\n<\/strong><br \/>\nMit etwas <em>mehr<\/em> Klebstoff habe ich <em>Piston Guards<\/em> dann Seiten vertauscht wieder angeklebt. \u00c4rgerlich, aber durch die Beinpanzerung sieht man davon nichts mehr und die <em>Toe Pistons<\/em> und<em> Right\/Left Toes<\/em> halten das Ganze genug stabil.<\/td>\n<\/tr>\n<\/tbody>\n<\/table>\n<p><a href=\"http:\/\/derkapi.de\/pics\/ChaosReaverTeil1_C278\/ca2.jpg\"><img loading=\"lazy\" decoding=\"async\" style=\"display: inline; border: 0pt none;\" title=\"ca2\" src=\"http:\/\/derkapi.de\/pics\/ChaosReaverTeil1_C278\/ca2_thumb.jpg\" border=\"0\" alt=\"ca2\" width=\"554\" height=\"790\" \/><\/a><\/p>\n<p>W\u00e4hren der <a href=\"https:\/\/www.derkapi.de\/?page_id=293\">Imperiale Reaver<\/a> eher aussieht, als w\u00fcrde er gerade gehen. Wollte ich beim Chaos-Reaver, wie beim <a href=\"https:\/\/www.derkapi.de\/?page_id=27\">Chaos-Warhound<\/a> eine lauernde Pose erreichen.<\/p>\n<p>Wie man sieht, sind beide Knie nach vorn gerichtet, als w\u00e4re er zum Sprung bereit (wobei ich 700 Tonne nicht springen sehen m\u00f6chte. Und wo wir gerade dabei sein, auch nicht in dem Universim leben).<\/p>\n<p>Jetzt muss ich mir noch \u00fcberlegen, ob ich tats\u00e4chlich Muster auf die Panzerung male. Momentan zur Auswahl stehen: jammernde Gesichter oder Totenk\u00f6pfe (sehr aufwendig und schwierig) oder ein Geflecht, was an Adern unter der Haut erinnern k\u00f6nnte (auch nicht mal eben so).<\/p>\n<p>M\u00f6ge die Muse mich k\u00fcssen oder Buddha mir Erleuchtung schenken (ersteres bevorzugt).<\/p>\n<p><strong>15.08.2010 <\/strong><br \/>\n<a href=\"http:\/\/derkapi.de\/pics\/ChaosReaverTeil1_C278\/ca3.jpg\"><img loading=\"lazy\" decoding=\"async\" style=\"display: inline; border: 0pt none;\" title=\"ca3\" src=\"http:\/\/derkapi.de\/pics\/ChaosReaverTeil1_C278\/ca3_thumb.jpg\" border=\"0\" alt=\"ca3\" width=\"554\" height=\"485\" \/><\/a><br \/>\nInzwischen sind die Beine schon etwas rostiger und dreckiger geworden<br \/>\n(ist aber nat\u00fcrlich nur erst der Anfang).<br \/>\n<a href=\"http:\/\/derkapi.de\/pics\/ChaosReaverTeil1_C278\/ca4.jpg\"><img loading=\"lazy\" decoding=\"async\" style=\"display: inline; border: 0pt none;\" title=\"ca4\" src=\"http:\/\/derkapi.de\/pics\/ChaosReaverTeil1_C278\/ca4_thumb.jpg\" border=\"0\" alt=\"ca4\" width=\"554\" height=\"737\" \/><\/a><br \/>\nUnd ich habe mit einer der Knieplatten begonnen (die ist noch nicht angeklebt).<\/p>\n<h2>Weitere Teile:<\/h2>\n<ul>\n<li><a href=\"https:\/\/www.derkapi.de\/?page_id=309\">Vorwort<\/a><\/li>\n<li><strong>Teil1<\/strong><\/li>\n<li><a href=\"https:\/\/www.derkapi.de\/?page_id=339\">Teil2<\/a><\/li>\n<li>Teil3<\/li>\n<li>Teil4<\/li>\n<\/ul>\n","protected":false},"excerpt":{"rendered":"<p>14.08.2010 Ok, ich hab den ersten Part mit dem Ablichten der Teile mal \u00fcbersprungen. Hier sieht man das Resultat der ersten (lass mich l\u00fcgen) \u2013 5(?) Stunden, es ging jedenfalls recht schnell \u2013 ist ja auch erst die Grobbemalung. Dieses Mal hatte ich ein kleines Problem, welches ich leider mit \u2026 <a class=\"continue-reading-link\" href=\"https:\/\/www.derkapi.de\/?page_id=317\">Mehr nach dem Klick <span class=\"meta-nav\">&rarr; <\/span><\/a><\/p>\n","protected":false},"author":2,"featured_media":0,"parent":309,"menu_order":1,"comment_status":"open","ping_status":"closed","template":"","meta":{"footnotes":""},"class_list":["post-317","page","type-page","status-publish","hentry"],"_links":{"self":[{"href":"https:\/\/www.derkapi.de\/index.php?rest_route=\/wp\/v2\/pages\/317","targetHints":{"allow":["GET"]}}],"collection":[{"href":"https:\/\/www.derkapi.de\/index.php?rest_route=\/wp\/v2\/pages"}],"about":[{"href":"https:\/\/www.derkapi.de\/index.php?rest_route=\/wp\/v2\/types\/page"}],"author":[{"embeddable":true,"href":"https:\/\/www.derkapi.de\/index.php?rest_route=\/wp\/v2\/users\/2"}],"replies":[{"embeddable":true,"href":"https:\/\/www.derkapi.de\/index.php?rest_route=%2Fwp%2Fv2%2Fcomments&post=317"}],"version-history":[{"count":8,"href":"https:\/\/www.derkapi.de\/index.php?rest_route=\/wp\/v2\/pages\/317\/revisions"}],"predecessor-version":[{"id":388,"href":"https:\/\/www.derkapi.de\/index.php?rest_route=\/wp\/v2\/pages\/317\/revisions\/388"}],"up":[{"embeddable":true,"href":"https:\/\/www.derkapi.de\/index.php?rest_route=\/wp\/v2\/pages\/309"}],"wp:attachment":[{"href":"https:\/\/www.derkapi.de\/index.php?rest_route=%2Fwp%2Fv2%2Fmedia&parent=317"}],"curies":[{"name":"wp","href":"https:\/\/api.w.org\/{rel}","templated":true}]}}