{"id":403,"date":"2010-11-20T18:14:27","date_gmt":"2010-11-20T16:14:27","guid":{"rendered":"http:\/\/www.derkapi.de\/?page_id=403"},"modified":"2015-11-01T16:47:51","modified_gmt":"2015-11-01T14:47:51","slug":"thunderhawk-landungsschiff","status":"publish","type":"page","link":"https:\/\/www.derkapi.de\/?page_id=403","title":{"rendered":"Thunderhawk"},"content":{"rendered":"<p>Mein Thunderhawk \u2013 Landungsschiff \ud83d\ude42<\/p>\n<p><strong>20.11.2010<\/strong><br \/>\nIch habe seit ich denken kann schon immer Gefallen an Raumschiffen gefunden. Ob es nun der Adler von Mondbasis Alpha 1, die Enterprise oder Star Wars waren. Raumschiffe sind Cool.<\/p>\n<p><em>Okay, bis auf die imperialen Raumkreuzer von Warhammer 40K, die aussehen wie der fliegende K\u00f6lner Dom *w\u00fcrg*.<br \/>\n<\/em><br \/>\nDas Thunderhawk der Space Marines war also mehr als attraktiv, einzig der Preis schreckt ab. Aber nach dem Kauf von zwei Reaver Titanen, schl\u00e4gt der nun auch nicht mehr ins Gewicht. Und da die Anschaffung der Tauchausr\u00fcstung auf Januar geschoben ist und Weihnachten vor der T\u00fcr steht und man sich bei der vielen Arbeit auch was g\u00f6nnen muss und weil\u2026\u2026<\/p>\n<p>Also bestellte ich letztes Wochenende ein Thunderhawk in gro\u00df und drei Thunderhawks in klein (von Aeronautica Imperialis). Mittwoch wurde alles geliefert und ich war mehrfach geschockt.<\/p>\n<p>Auch wenn die Ma\u00dfe ja dabei standen, ist die Gr\u00f6\u00dfe doch ziemlich beeindruckend.<\/p>\n<p>Weiterhin war ich geschockt von der miesen Anleitung und einer fehlenden Komponentenliste, um zu pr\u00fcfen ob alles vorhanden ist. 5 Bl\u00e4tter, die den Zusammenbau nach und nach zeigen. Klar, man kommt damit zurecht, doch etwas mehr w\u00e4re bei dem Preis sicher drin gewesen.<\/p>\n<p>Und ich war geschockt von der miesen Verarbeitung! Hatte ich nach den Baneblade\/Warhound eigentlich nur positive Erfahrungen mit den FW-Modellen gesammelt, machte das TH diese wieder zunichte.<\/p>\n<p>Verbogen Sensoren (rot Bild1) und wellige Bodenplatten und etliche Gussreste (rot Bild2), die man sicher h\u00e4tte entfernen k\u00f6nnen. Zudem backt das Modell nur so von Trennmittel. Ohne ein hei\u00dfes Bad, um die verbogenen Teile gerade zu ziehen, geht es nicht. Anschlie\u00dfend kann ich dann alles einmal mit Sp\u00fclmittel abschrubben, weil so weder Grundierung noch Farbe h\u00e4lt.<\/p>\n<p>Fazit: Der Preis ist bei dem Detailreichtum ist Okay, die Qualit\u00e4tskontrolle ist definitiv mangelhaft!<\/p>\n<p><a href=\"http:\/\/derkapi.de\/pics\/th_F02E\/t0.jpg\"><img loading=\"lazy\" decoding=\"async\" style=\"display: inline; border-width: 0px;\" title=\"t0\" src=\"http:\/\/derkapi.de\/pics\/th_F02E\/t0_thumb.jpg\" alt=\"t0\" width=\"554\" height=\"819\" border=\"0\" \/><\/a><\/p>\n<p>Da ja eine Komponentenliste fehlte, habe ich alles ausgepackt und auf dem Boden verteilt um wenigstens grob zu bestimmen, ob alles vorhanden wird.<\/p>\n<p><a href=\"http:\/\/derkapi.de\/pics\/th_F02E\/t1.jpg\"><img loading=\"lazy\" decoding=\"async\" style=\"display: inline; border-width: 0px;\" title=\"t1\" src=\"http:\/\/derkapi.de\/pics\/th_F02E\/t1_thumb.jpg\" alt=\"t1\" width=\"554\" height=\"380\" border=\"0\" \/><\/a><\/p>\n<p>So genug gemotzt. In den folgenden zwei Bilder kann man sich mal ein Bild davon machen,<br \/>\nwie gro\u00dfe das Thunderhawk ist.<\/p>\n<p><a href=\"http:\/\/derkapi.de\/pics\/th_F02E\/t2.jpg\"><img loading=\"lazy\" decoding=\"async\" style=\"display: inline; border-width: 0px;\" title=\"t2\" src=\"http:\/\/derkapi.de\/pics\/th_F02E\/t2_thumb.jpg\" alt=\"t2\" width=\"554\" height=\"226\" border=\"0\" \/><\/a><br \/>\nEin paar Gussteile habe ich schon abges\u00e4gt, damit man es zusammenstecken kann.<\/p>\n<p><a href=\"http:\/\/derkapi.de\/pics\/th_F02E\/t3.jpg\"><img loading=\"lazy\" decoding=\"async\" style=\"display: inline; border-width: 0px;\" title=\"t3\" src=\"http:\/\/derkapi.de\/pics\/th_F02E\/t3_thumb.jpg\" alt=\"t3\" width=\"554\" height=\"559\" border=\"0\" \/><\/a><\/p>\n<p>Wie man an den beigestellten Modellen sieht, wird es zur <em>Stormraven Legion<\/em> geh\u00f6ren, genauso wie die drei kleinen Thunderhawks.<\/p>\n<p>Eines ist ein Truppentransporter (wie oben) und die beiden anderen sind Fahrzeugtransporter. Eines mit Landraider, eines mit zwei Rhinos. Wenn man Landraider schon <em>droppen<\/em> darf, soll man es auch darstellen k\u00f6nnen \ud83d\ude09<\/p>\n<p>Mit dem Modell anfangen werde ich nach der Fertigstellung des Chaos Reavers. Und auch hierbei wird dies nicht wieder so ein Marathon wie beim Imp-Reaver, sondern ganz ganz langsam.<\/p>\n<p>Schlie\u00dflich muss ich ja auch bei soviel Transportm\u00f6glichkeit die zu transportierenden Modelle dazu haben. Zurzeit sitze ich noch an der Landungskapsel f\u00fcr den Cybot (oben links) , einen weiteren Standardtrupp und immer noch an dem Ordenspriester (HQ).<\/p>\n<p>Der Razorback oben rechts soll einem Devastortrupp zugeordnet werden, der aber auch noch fehlt.<\/p>\n<p>Und da sich die Ger\u00fcchte mehren, kommen auch noch zwei Stormraven-Landungsschiffe dazu (sobald diese erscheinen). Und eines davon wird auch sicher gleich bemalt :-).<\/p>\n<p>So muss wohl niemand zu Fu\u00df laufen.<br \/>\nDenn wie sagt der Ork:<br \/>\n<em>\u201dUff, laufen tut weh. Wo ist meine Karre, warum muss ich laufen?\u201d<br \/>\n<\/em><\/p>\n<h4>Continue\u2026<\/h4>\n","protected":false},"excerpt":{"rendered":"<p>Mein Thunderhawk \u2013 Landungsschiff \ud83d\ude42 20.11.2010 Ich habe seit ich denken kann schon immer Gefallen an Raumschiffen gefunden. Ob es nun der Adler von Mondbasis Alpha 1, die Enterprise oder Star Wars waren. Raumschiffe sind Cool. Okay, bis auf die imperialen Raumkreuzer von Warhammer 40K, die aussehen wie der fliegende \u2026 <a class=\"continue-reading-link\" href=\"https:\/\/www.derkapi.de\/?page_id=403\">Mehr nach dem Klick <span class=\"meta-nav\">&rarr; <\/span><\/a><\/p>\n","protected":false},"author":2,"featured_media":0,"parent":63,"menu_order":8,"comment_status":"closed","ping_status":"closed","template":"","meta":{"footnotes":""},"class_list":["post-403","page","type-page","status-publish","hentry"],"_links":{"self":[{"href":"https:\/\/www.derkapi.de\/index.php?rest_route=\/wp\/v2\/pages\/403","targetHints":{"allow":["GET"]}}],"collection":[{"href":"https:\/\/www.derkapi.de\/index.php?rest_route=\/wp\/v2\/pages"}],"about":[{"href":"https:\/\/www.derkapi.de\/index.php?rest_route=\/wp\/v2\/types\/page"}],"author":[{"embeddable":true,"href":"https:\/\/www.derkapi.de\/index.php?rest_route=\/wp\/v2\/users\/2"}],"replies":[{"embeddable":true,"href":"https:\/\/www.derkapi.de\/index.php?rest_route=%2Fwp%2Fv2%2Fcomments&post=403"}],"version-history":[{"count":10,"href":"https:\/\/www.derkapi.de\/index.php?rest_route=\/wp\/v2\/pages\/403\/revisions"}],"predecessor-version":[{"id":1378,"href":"https:\/\/www.derkapi.de\/index.php?rest_route=\/wp\/v2\/pages\/403\/revisions\/1378"}],"up":[{"embeddable":true,"href":"https:\/\/www.derkapi.de\/index.php?rest_route=\/wp\/v2\/pages\/63"}],"wp:attachment":[{"href":"https:\/\/www.derkapi.de\/index.php?rest_route=%2Fwp%2Fv2%2Fmedia&parent=403"}],"curies":[{"name":"wp","href":"https:\/\/api.w.org\/{rel}","templated":true}]}}