{"id":62,"date":"2009-04-02T13:51:28","date_gmt":"2009-04-02T11:51:28","guid":{"rendered":"http:\/\/www.derkapi.de\/?page_id=62"},"modified":"2015-11-01T16:47:19","modified_gmt":"2015-11-01T14:47:19","slug":"chaos-warhound-vorwort","status":"publish","type":"page","link":"https:\/\/www.derkapi.de\/?page_id=62","title":{"rendered":"Chaos Warhound"},"content":{"rendered":"<p>Der Chaos Titan ist genauso lange in meinem Besitzt wie sein imperiales Gegenst\u00fcck, doch bis jetzt habe ich mich immer davor gedr\u00fcckt ihn fertig zu stellen (es ist einfach eine Schweinearbeit!).<br \/>\nAber dieses Jahr (2008) soll es nun endlich soweit sein!<\/p>\n<p>Nach langer(!) Pause hatte ich auch wieder richtig Lust zum Malen. Keine Ahnung\u00a0 ob es an der vielen Arbeit lag und ich einen Entspannungspool ben\u00f6tigte oder an den neuen Regelwerken, die es auch erlaubten, solche Monster einzusetzen. Wieder begonnen hatte mein Malrausch mit dem <a href=\"pics\/SonstigePics\/chaos\/chaos0043.jpg\" target=\"_blank\">Chaos Landraider<\/a> gefolgt man Vindicator und dem Fallblade.<\/p>\n<p>Wie immer standen die Fragen der Farbe und der Pose am Anfang. Zur Zeit der Anschaffung hatte ich noch im Sinn, den Titan in Gr\u00fcn\/Braun, wie auf den FW-Bildern oder richtig <i>Nurgle<\/i>-ig (also gr\u00fcn, schleimig, verseucht, so richtig &#8222;b\u00e4hh blo\u00df nicht anfassen&#8220;) zu bemalen.<\/p>\n<p>Allerdings, mit dem Ausbau der Chaostruppen, kam ich von meiner anf\u00e4nglichen Begeisterung von Seuchenmarines (Nurgle-Einheiten) wieder runter &#8211; hey, ich finde sie nach wie vor cool.<\/p>\n<p>Aber die ersten Truppen meiner Chaosarmee waren Nightlords und in diesem Farbschema wollte ich bleiben (Gold und Dunkelblau) allerdings unter Verzicht des Blitzmusters, da es nun eher eine Kriegerbande und nicht mehr Nightlords mit angeschlossenen Truppen waren. Die Kombi Gold\/Blau kam aber recht gut.<\/p>\n<p>(Chaos Spacemarines waren \u00fcbrigends die erste WH40K-Armee die ich sammelte, das muss so 97\/98 gewesen sein).<\/p>\n<p>Durch die vorherigen Arbeiten am <a href=\"pics\/SonstigePics\/chaos\/chaos0045.jpg\" target=\"_blank\">Vindicator<\/a> und <a href=\"pics\/SonstigePics\/chaos\/chaos0046.jpg\" target=\"_blank\">Fellblade<\/a> hatte ich gen\u00fcgend M\u00f6glichkeiten verschieden Bemalstile und Farbkombinationen zu testen. Sorgen machten mir allerdings noch die ganzen Wucherungen am Titan.<\/p>\n<p>Ein Chaostitan ist, f\u00fcr die uneingeweihten unter uns, von einem D\u00e4mon besessen und die Maschine mutiert zu einer Mischung aus Fleisch und Metall.<\/p>\n<p>Das was einmal Besatzung war, ist l\u00e4ngst verstorben oder in einer Art mit dem D\u00e4mon verbunden, die man sich irgendwie nicht unbedingt vorstellen m\u00f6chte (jedenfalls nicht beim Essen oder in romantischen Situationen &#8211; egal).<\/p>\n<p>Okay, blieb der Stand der Beine. <a href=\"pics\/SonstigePics\/titanen\/t62_gross.jpg\" target=\"_blank\">Die Pose des Imperialen Titans<\/a> war mit ja ganz gut gelungen.<\/p>\n<p>Doch der Chaostitan sollte irgendwie auch lauernd und verschlagen wirken. Mir schwebte da vor, das rechten, dieses Mal hintere Beine, etwas mehr einzuknicken und das linke Bein weit nach vorn zu schieben. Wie das genau aussieht entscheidet sich wohl erst beim Zusammenbau. Aber vor dem &#8218;inneren Auge&#8216; wirkte diese Stellung schon ganz gut.<\/p>\n<p>Tja, die Base. Auch hier hatte ich schon richtig gute Ideen, die bestimmt die eine oder andere Frage einer Sozialp\u00e4dagogin hervorrufen w\u00fcrde (aber so was kommt mir nicht mehr in&#8217;s Haus \ud83d\ude09 ). Mal schauen ob sich das umsetzen lie\u00df.<br \/>\n<i>&lt;Auch hier musste wieder das irres Gel\u00e4chter entfernt werden, die Redaktion&gt;<\/i><\/p>\n<p>&nbsp;<\/p>\n<p>&nbsp;<\/p>\n<p>&nbsp;<\/p>\n<p>&nbsp;<\/p>\n<h2>Weitere Teile:<\/h2>\n<ul>\n<li><strong>Vorwort<\/strong><\/li>\n<li><a href=\"https:\/\/www.derkapi.de\/?page_id=21\">Teil1<\/a><\/li>\n<li><a href=\"https:\/\/www.derkapi.de\/?page_id=22\">Teil2<\/a><\/li>\n<li><a href=\"https:\/\/www.derkapi.de\/?page_id=23\">Teil3<\/a><\/li>\n<li><a href=\"https:\/\/www.derkapi.de\/?page_id=24\">Teil4<\/a><\/li>\n<li><a href=\"https:\/\/www.derkapi.de\/?page_id=26\">Teil5<\/a><\/li>\n<li><a href=\"https:\/\/www.derkapi.de\/?page_id=27\">Teil6<\/a>\u00a0<em>\u00a0<\/em><\/li>\n<\/ul>\n","protected":false},"excerpt":{"rendered":"<p>Der Chaos Titan ist genauso lange in meinem Besitzt wie sein imperiales Gegenst\u00fcck, doch bis jetzt habe ich mich immer davor gedr\u00fcckt ihn fertig zu stellen (es ist einfach eine Schweinearbeit!). Aber dieses Jahr (2008) soll es nun endlich soweit sein! Nach langer(!) Pause hatte ich auch wieder richtig Lust \u2026 <a class=\"continue-reading-link\" href=\"https:\/\/www.derkapi.de\/?page_id=62\">Mehr nach dem Klick <span class=\"meta-nav\">&rarr; <\/span><\/a><\/p>\n","protected":false},"author":2,"featured_media":0,"parent":63,"menu_order":6,"comment_status":"closed","ping_status":"closed","template":"","meta":{"footnotes":""},"class_list":["post-62","page","type-page","status-publish","hentry"],"_links":{"self":[{"href":"https:\/\/www.derkapi.de\/index.php?rest_route=\/wp\/v2\/pages\/62","targetHints":{"allow":["GET"]}}],"collection":[{"href":"https:\/\/www.derkapi.de\/index.php?rest_route=\/wp\/v2\/pages"}],"about":[{"href":"https:\/\/www.derkapi.de\/index.php?rest_route=\/wp\/v2\/types\/page"}],"author":[{"embeddable":true,"href":"https:\/\/www.derkapi.de\/index.php?rest_route=\/wp\/v2\/users\/2"}],"replies":[{"embeddable":true,"href":"https:\/\/www.derkapi.de\/index.php?rest_route=%2Fwp%2Fv2%2Fcomments&post=62"}],"version-history":[{"count":16,"href":"https:\/\/www.derkapi.de\/index.php?rest_route=\/wp\/v2\/pages\/62\/revisions"}],"predecessor-version":[{"id":1380,"href":"https:\/\/www.derkapi.de\/index.php?rest_route=\/wp\/v2\/pages\/62\/revisions\/1380"}],"up":[{"embeddable":true,"href":"https:\/\/www.derkapi.de\/index.php?rest_route=\/wp\/v2\/pages\/63"}],"wp:attachment":[{"href":"https:\/\/www.derkapi.de\/index.php?rest_route=%2Fwp%2Fv2%2Fmedia&parent=62"}],"curies":[{"name":"wp","href":"https:\/\/api.w.org\/{rel}","templated":true}]}}